125 (base 10) to base 12
a5
What is 4a (base 14) in base 15?
46
What is 34 (base 6) in base 16?
16
What is 11 (base 3) in base 6?
4
What is -5 (base 12) in base 8?
-5
Convert 56 (base 7) to base 11.
38
What is -1b (base 14) in base 5?
-100
What is 3 (base 8) in base 11?
3
What is e (base 15) in base 2?
1110
What is 75 (base 12) in base 8?
131
What is 22 (base 3) in base 5?
13
What is -332 (base 4) in base 10?
-62
Convert -110 (base 3) to base 15.
-c
Convert -1 (base 8) to base 14.
-1
-3 (base 14) to base 8
-3
Convert 27 (base 12) to base 2.
11111
-6 (base 12) to base 9
-6
Convert -23 (base 7) to base 13.
-14
Convert 310 (base 6) to base 4.
1302
Convert 135 (base 9) to base 13.
89
-41 (base 13) to base 5
-203
What is 1212 (base 5) in base 13?
110
Convert -34 (base 7) to base 9.
-27
Convert -17 (base 11) to base 13.
-15
Convert 3d (base 16) to base 15.
41
10 (base 10) to base 7
13
4 (base 9) to base 13
4
What is 102 (base 3) in base 13?
b
1 (base 9) to base 15
1
Convert 7 (base 9) to base 4.
13
What is 1110 (base 4) in base 2?
1010100
What is 140 (base 13) in base 15?
eb
Convert 1 (base 10) to base 11.
1
What is 296 (base 10) in base 4?
10220
Convert 4 (base 6) to base 11.
4
1c (base 15) to base 10
27
-3d (base 15) to base 11
-53
212 (base 4) to base 9
42
-22 (base 10) to base 15
-17
Convert 1 (base 9) to base 6.
1
Convert bd (base 16) to base 3.
21000
Convert -5 (base 10) to base 15.
-5
What is 36 (base 15) in base 11?
47
Convert a (base 14) to base 6.
14
10111 (base 3) to base 10
94
-1100 (base 2) to base 9
-13
What is 511 (base 7) in base 2?
11111101
What is 11 (base 3) in base 13?
4
-21 (base 9) to base 2
-10011
Convert -59 (base 12) to base 7.
-126
What is 22 (base 4) in base 8?
12
-14 (base 8) to base 13
-c
Convert 2b (base 16) to base 12.
37
What is 79 (base 15) in base 8?
162
What is 12 (base 8) in base 9?
11
What is -320 (base 4) in base 14?
-40
What is 2 (base 13) in base 15?
2
-4 (base 6) to base 16
-4
Convert 26 (base 16) to base 10.
38
What is 11 (base 2) in base 4?
3
What is 5 (base 16) in base 2?
101
-35 (base 6) to base 3
-212
Convert 2 (base 12) to base 14.
2
What is 1 (base 11) in base 13?
1
0 (base 2) to base 13
0
What is -10110001 (base 2) in base 3?
-20120
-24 (base 12) to base 14
-20
Convert -9 (base 15) to base 10.
-9
What is 67 (base 10) in base 16?
43
What is -2 (base 6) in base 4?
-2
-4 (base 9) to base 15
-4
Convert -a (base 12) to base 9.
-11
What is 4 (base 9) in base 4?
10
3 (base 14) to base 16
3
Convert 0 (base 14) to base 8.
0
What is 7 (base 13) in base 5?
12
Convert -1 (base 13) to base 7.
-1
-2 (base 16) to base 14
-2
Convert -1 (base 11) to base 6.
-1
Convert 100101100 (base 2) to base 10.
300
What is 6 (base 9) in base 10?
6
What is 8 (base 14) in base 4?
20
Convert 2 (base 4) to base 9.
2
Convert -8 (base 10) to base 8.
-10
Convert -112 (base 7) to base 11.
-53
What is -11 (base 2) in base 16?
-3
What is -1100010 (base 2) in base 13?
-77
32 (base 6) to base 5
40
Convert -2 (base 6) to base 5.
-2
-15 (base 7) to base 6
-20
Convert -5 (base 8) to base 7.
-5
What is -210 (base 6) in base 13?
-60
-10 (base 4) to base 8
-4
Convert 0 (base 5) to base 8.
0
0 (base 11) to base 15
0
Convert -12 (base 11) to base 7.
-16
What is 1 (base 8) in base 5?
1
What is -2e (base 16) in base 8?
-56
20 (base 5) to base 7
13
What is -11101 (base 2) in base 6?
-45
-1210 (base 6) to base 11
-248
Convert -169 (base 10) to base 8.
-251
-27 (base 9) to base 6
-41
What is 10 (base 5) in base 2?
101
1 (base 9) to base 14
1
What is 200 (base 4) in base 2?
100000
4 (base 14) to base 3
11
Convert 144 (base 7) to base 14.
5b
5b (base 14) to base 7
144
2032 (base 4) to base 12
ba
-17c (base 15) to base 12
-246
Convert -97 (base 12) to base 11.
-a5
What is -12 (base 11) in base 2?
-1101
-212 (base 3) to base 4
-113
4 (base 16) to base 12
4
-423 (base 5) to base 10
-113
-1 (base 11) to base 8
-1
1 (base 6) to base 16
1
-3 (base 6) to base 10
-3
Convert -111 (base 13) to base 12.
-133
What is 68 (base 10) in base 9?
75
-1 (base 5) to base 7
-1
1c (base 16) to base 6
44
42 (base 6) to base 10
26
What is 10222 (base 3) in base 11?
98
What is -4 (base 11) in base 4?
-10
-10 (base 14) to base 15
-e
What is 9 (base 11) in base 14?
9
Convert 26 (base 16) to base 11.
35
What is -2a (base 15) in base 8?
-50
What is -51 (base 13) in base 5?
-231
202 (base 4) to base 8
42
What is 1 (base 14) in base 9?
1
Convert 71 (base 15) to base 7.
211
-4 (base 16) to base 5
-4
-c (base 16) to base 12
-10
-8 (base 15) to base 9
-8
-100111111 (base 2) to base 4
-10333
What is 1 (base 15) in base 10?
1
-32 (base 5) to base 16
-11
2102 (base 4) to base 9
172
-2 (base 10) to base 14
-2
Convert 17 (base 16) to base 15.
18
Convert 0 (base 4) to base 11.
0
-25 (base 11) to base 10
-27
-14 (base 14) to base 13
-15
Convert -1001110 (base 2) to base 7.
-141
Convert a0 (base 11) to base 5.
420
What is 4 (base 12) in base 2?
100
What is -15 (base 10) in base 11?
-14
-14 (base 9) to base 7
-16
What is -234 (base 5) in base 8?
-105
-115 (base 6) to base 9
-52
141 (base 10) to base 4
2031
-5 (base 9) to base 16
-5
Convert -70 (base 15) to base 14.
-77
What is -1110 (base 3) in base 12?
-33
Convert 1112 (base 3) to base 16.
29
What is 1 (base 10) in base 14?
1
What is 3 (base 4) in base 3?
10
4 (base 11) to base 9
4
1 (base 3) to base 7
1
Convert -3 (base 13) to base 11.
-3
Convert 2 (base 4) to base 13.
2
Convert -1011 (base 4) to base 7.
-126
What is -7 (base 9) in base 2?
-111
Convert 4 (base 5) to base 15.
4
2 (base 3) to base 14
2
1 (base 15) to base 8
1
What is 27 (base 15) in base 6?
101
What is -1 (base 10) in base 11?
-1
What is -510 (base 7) in base 14?
-140
-11 (base 2) to base 11
-3
Convert 3 (base 9) to base 10.
3
-3 (base 4) to base 13
-3
Convert 36 (base 7) to base 4.
123
120 (base 3) to base 12
13
Convert 0 (base 9) to base 16.
0
1 (base 4) to base 10
1
Convert -1 (base 4) to base 2.
-1
75 (base 9) to base 12
58
What is 9 (base 15) in base 16?
9
0 (base 10) to base 7
0
-14 (base 14) to base 13
-15
10 (base 4) to base 11
4
Convert -1 (base 11) to base 6.
-1
10010 (base 2) to base 7
24
147 (base 8) to base 3
10211
7 (base 16) to base 5
12
What is -1010110 (base 2) in base 13?
-68
Convert 163 (base 7) to base 8.
136
5 (base 6) to base 12
5
What is -31 (base 5) in base 11?
-15
Convert 30 (base 7) to base 9.
23
What is -132 (base 6) in base 3?
-2002
What is -10212 (base 3) in base 14?
-76
Convert 0 (base 4) to base 6.
0
What is -4 (base 5) in base 16?
-4
-12 (base 4) to base 5
-11
What is -13 (base 16) in base 5?
-34
What is -e7 (base 15) in base 11?
-188
What is -12 (base 7) in base 2?
-1001
Convert -36 (base 8) to base 11.
-28
What is 71 (base 9) in base 3?
2101
Convert -4 (base 11) to base 4.
-10
Convert -2 (base 7) to base 5.
-2
Convert 5 (base 13) to base 12.
5
Convert -461 (base 8) to base 12.
-215
What is -2 (base 6) in base 10?
-2
Convert -114 (base 10) to base 2.
-1110010
What is 2e (base 15) in base 11?
40
What is 352 (base 8) in base 11?
1a3
6c (base 13) to base 12
76
Convert b (base 15) to base 10.
11
Convert 5 (base 12) to base 8.
5
Convert 110 (base 2) to base 3.
20
Convert -35 (base 15) to base 14.
-38
-1 (base 4) to base 9
-1
Convert -80 (base 9) to base 12.
-60
What is -35 (base 12) in base 4?
-221
1011 (base 3) to base 2
11111
Convert 101 (base 2) to base 7.
5
Convert 2 (base 9) to base 8.
2
What is -1 (base 13) in base 15?
-1
Convert 12 (base 4) to base 3.
20
What is -13 (base 15) in base 4?
-102
100 (base 2) to base 9
4
Convert -201 (base 4) to base 16.
-21
-32 (base 5) to base 8
-21
-5 (base 8) to base 9
-5
Convert -33 (base 5) to base 10.
-18
Convert -5 (base 13) to base 10.
-5
Convert 0 (base 9) to base 8.
0
What is 220 (base 9) in base 3?
20200
Convert -32 (base 6) to base 12.
-18
What is 0 (base 14) in base 10?
0
What is -4 (base 5) in base 13?
-4
-17d (base 14) to base 9
-371
-2 (base 12) to base 14
-2
Convert -1101001 (base 2) to base 7.
-210
Convert 6 (base 13) to base 7.
6
What is 12 (base 6) in base 12?
8
-225 (base 7) to base 16
-75
What is 12 (base 6) in base 5?
13
What is 2 (base 7) in base 9?
2
Convert 0 (base 11) to base 8.
0
Convert -18 (base 11) to base 3.
-201
42 (base 5) to base 8
26
-51 (base 15) to base 6
-204
Convert -331 (ba